hest common factor of 4568 and 8.
8
What is the greatest common factor of 6 and 222?
6
What is the highest common factor of 1550 and 350?
50
What is the highest common divisor of 25 and 25?
25
What is the highest common divisor of 559 and 731?
43
Calculate the greatest common factor of 164 and 205.
41
Calculate the greatest common factor of 56 and 63.
7
What is the highest common divisor of 28 and 2429?
7
What is the highest common divisor of 80 and 5680?
80
What is the greatest common divisor of 124 and 1798?
62
Calculate the greatest common factor of 19 and 57.
19
What is the highest common divisor of 156 and 60?
12
Calculate the greatest common divisor of 43928 and 57.
19
Calculate the highest common divisor of 879 and 12.
3
Calculate the greatest common divisor of 84 and 868.
28
Calculate the greatest common divisor of 66 and 66.
66
What is the greatest common divisor of 57 and 96?
3
Calculate the greatest common divisor of 54 and 13824.
54
What is the highest common factor of 3168 and 3?
3
What is the greatest common divisor of 14560 and 320?
160
What is the highest common factor of 20922 and 33?
33
Calculate the highest common divisor of 1012 and 44.
44
What is the highest common factor of 1809 and 27?
27
Calculate the highest common factor of 5 and 5735.
5
Calculate the highest common factor of 1000 and 120.
40
Calculate the highest common factor of 477 and 9.
9
What is the highest common factor of 158 and 1?
1
Calculate the highest common factor of 58 and 986.
58
Calculate the highest common divisor of 1643 and 106.
53
What is the greatest common factor of 68 and 374?
34
What is the highest common divisor of 80 and 120?
40
Calculate the greatest common factor of 22 and 1441.
11
What is the highest common factor of 44 and 65428?
44
What is the greatest common divisor of 45 and 135?
45
Calculate the greatest common factor of 119 and 952.
119
What is the greatest common divisor of 2802 and 6?
6
Calculate the greatest common divisor of 20 and 2980.
20
Calculate the highest common divisor of 29 and 725.
29
Calculate the greatest common factor of 78 and 2418.
78
What is the greatest common divisor of 1310 and 786?
262
Calculate the greatest common divisor of 735 and 480.
15
What is the greatest common divisor of 4103 and 11?
11
Calculate the highest common divisor of 140 and 56.
28
What is the highest common factor of 2225 and 178?
89
Calculate the greatest common factor of 55 and 135.
5
Calculate the greatest common factor of 140 and 2020.
20
What is the greatest common divisor of 470 and 4747?
47
What is the highest common divisor of 279 and 589?
31
Calculate the highest common factor of 121 and 66.
11
What is the greatest common divisor of 174 and 12?
6
What is the greatest common factor of 1309 and 231?
77
What is the highest common divisor of 41 and 2?
1
What is the greatest common factor of 2 and 89?
1
What is the highest common factor of 850 and 100?
50
What is the greatest common divisor of 2655 and 180?
45
What is the greatest common divisor of 468 and 15756?
156
What is the highest common divisor of 7155 and 45?
45
What is the highest common divisor of 32260 and 20?
20
What is the greatest common divisor of 111 and 592?
37
What is the greatest common divisor of 2156 and 637?
49
What is the greatest common divisor of 128 and 13184?
128
Calculate the greatest common divisor of 2384 and 149.
149
Calculate the highest common factor of 42 and 602.
14
Calculate the greatest common factor of 32544 and 24.
24
Calculate the highest common factor of 1533 and 21.
21
Calculate the greatest common factor of 1683 and 765.
153
Calculate the greatest common divisor of 6 and 1074.
6
What is the greatest common factor of 360 and 40?
40
What is the highest common factor of 1815 and 231?
33
Calculate the greatest common divisor of 5334 and 126.
42
Calculate the highest common divisor of 310 and 1085.
155
Calculate the highest common divisor of 4 and 2284.
4
What is the highest common factor of 289 and 34?
17
What is the greatest common divisor of 128 and 7936?
128
What is the highest common factor of 65316 and 12?
12
What is the highest common divisor of 1 and 61?
1
What is the highest common factor of 3582 and 54?
18
Calculate the highest common factor of 1312 and 1353.
41
Calculate the highest common divisor of 189 and 126.
63
What is the greatest common divisor of 125 and 4?
1
What is the highest common factor of 102 and 4131?
51
What is the greatest common divisor of 1649 and 323?
17
What is the highest common factor of 1904 and 32?
16
What is the highest common divisor of 1 and 859?
1
What is the greatest common factor of 368 and 46?
46
What is the greatest common divisor of 4 and 178?
2
Calculate the greatest common divisor of 6731 and 371.
53
What is the greatest common divisor of 13185 and 90?
45
Calculate the highest common factor of 6 and 186.
6
What is the highest common divisor of 11 and 1507?
11
Calculate the greatest common factor of 4842 and 36.
18
What is the highest common divisor of 14 and 6482?
14
What is the highest common factor of 48 and 372?
12
Calculate the highest common factor of 120 and 102.
6
Calculate the highest common divisor of 176 and 22198.
22
Calculate the greatest common divisor of 1909 and 184.
23
What is the greatest common factor of 128 and 4?
4
Calculate the greatest common divisor of 143 and 13.
13
What is the highest common divisor of 16 and 144?
16
Calculate the greatest common divisor of 18 and 441.
9
Calculate the greatest common factor of 14 and 44.
2
Calculate the highest common divisor of 33 and 33.
33
What is the greatest common divisor of 418 and 8987?
209
What is the highest common factor of 333 and 27?
9
What is the greatest common factor of 105 and 3360?
105
Calculate the highest common factor of 2 and 1098.
2
Calculate the greatest common factor of 37071 and 27.
27
What is the greatest common divisor of 10050 and 135?
15
Calculate the greatest common divisor of 140 and 175.
35
What is the highest common factor of 50 and 8?
2
Calculate the highest common factor of 628 and 4.
4
What is the greatest common divisor of 1140 and 105?
15
What is the greatest common divisor of 36237 and 257?
257
What is the greatest common factor of 506 and 46?
46
What is the highest common factor of 1690 and 40?
10
Calculate the highest common factor of 832 and 52.
52
What is the greatest common divisor of 1352 and 312?
104
Calculate the highest common divisor of 440 and 165.
55
Calculate the highest common divisor of 56 and 266.
14
Calculate the highest common factor of 5 and 5.
5
Calculate the highest common divisor of 5424 and 120.
24
What is the greatest common divisor of 3696 and 7?
7
Calculate the greatest common divisor of 363 and 66.
33
What is the greatest common divisor of 72 and 80?
8
Calculate the highest common factor of 24504 and 24.
24
Calculate the greatest common divisor of 3 and 1002.
3
What is the greatest common divisor of 117 and 24?
3
Calculate the highest common factor of 406 and 754.
58
Calculate the greatest common factor of 738 and 4018.
82
What is the greatest common divisor of 7513 and 22?
11
What is the greatest common divisor of 441 and 63?
63
What is the highest common divisor of 208 and 32?
16
Calculate the highest common factor of 5497 and 46.
23
Calculate the greatest common factor of 3136 and 64.
64
What is the highest common divisor of 7240 and 1086?
362
What is the greatest common factor of 350 and 70?
70
Calculate the greatest common divisor of 11776 and 69.
23
What is the highest common factor of 686 and 2?
2
What is the highest common divisor of 656 and 2542?
82
Calculate the highest common divisor of 10510 and 10.
10
Calculate the highest common factor of 6040 and 20.
20
What is the greatest common divisor of 360 and 288?
72
What is the highest common divisor of 16 and 2800?
16
What is the greatest common divisor of 322 and 3059?
161
Calculate the greatest common factor of 20 and 106060.
20
Calculate the greatest common factor of 378 and 42.
42
Calculate the highest common divisor of 217 and 15407.
217
What is the highest common factor of 66 and 748?
22
Calculate the highest common factor of 1558 and 76.
38
Calculate the greatest common divisor of 90 and 4920.
30
Calculate the